ppose -4*t = -y - 9, 0*y + 2*t + 3 = 3*y. Suppose 2*w - 2*p = 3*w + 33, 3*w + 72 = y*p. Let f = -11 - w. What are the prime factors of f?
2
Let m = 2218 + -1118. List the prime factors of m.
2, 5, 11
Let s(z) = -z**2 + 6*z - 5. Let j be s(8). Let f = j - -35. Let l(c) = c**2 - 14*c + 6. What are the prime factors of l(f)?
2, 3
Suppose 5*r - 23 = u, 3*u = -3*r + 4*r + 1. List the prime factors of 855/75*1*r.
3, 19
What are the prime factors of 30/24*(0 - -4)?
5
Let m(h) = 11*h**2 + 19*h - 68. What are the prime factors of m(15)?
2, 673
Let j(p) = -p - 1. Let c be j(-5). Suppose -1 + 19 = -2*f - 4*k, c*k = 0. What are the prime factors of 2/f - (-65)/9?
7
Suppose 2*w - 128 + 26 = 0. Let f be 2 - (-1 - (-71)/(-1)). Suppose -5*p + f = -w. What are the prime factors of p?
5
What are the prime factors of -4*1*8/((-48)/5646)?
2, 941
Let g be -1 + 3 + (2 - -1). Suppose 0 = -0*u + g*u - 215. Let m = u - -1. What are the prime factors of m?
2, 11
Let v be 15/10*(-4)/(-1). Suppose k + 2*u - 14 = 0, -2*k = -u + v*u - 29. Let m = 37 + k. What are the prime factors of m?
7
Suppose 611 = 5*u + 116. Suppose -31 = 2*n + u. Let y = n - -91. List the prime factors of y.
2, 13
Let m(i) = i**2 - 6*i + 3. Let q be m(6). Suppose 0 = u - q*u + 1530. What are the prime factors of 4/(-22) + u/33?
23
Let y(p) = 4*p**3 + 3*p**2 + 16*p + 5. List the prime factors of y(8).
3, 7, 113
Let q(x) = -4*x - 3. Let b be q(-2). Suppose -3*g = -b - 10. Suppose g - 98 = -3*o. List the prime factors of o.
31
Let m be (0 - -2)*(-6)/(-4). Let y(z) be the second derivative of z**5/10 - z**4/6 - 7*z**3/6 + 3*z**2 - 137*z. List the prime factors of y(m).
3, 7
Let d = -261 + 737. List the prime factors of d.
2, 7, 17
Let x = 1039 + 49. List the prime factors of x.
2, 17
Let i(z) = 2*z**3 - 19*z**2 + 16*z - 39. List the prime factors of i(12).
3, 97
Suppose 5*t + 13049 = 4*p - 6430, 5*t = -4*p + 19489. What are the prime factors of p?
4871
Let m(a) be the third derivative of -a**6/30 - a**4/24 + a**3/6 + 6*a**2. What are the prime factors of m(-2)?
5, 7
Suppose 10*w + 0*w + 2490 = 0. Let r = w - -413. List the prime factors of r.
2, 41
Suppose 9*o = 14*o - 20. Suppose -w + 3*w = -4*g + 12, -o*w - g = -45. What are the prime factors of (6*-2)/(w/(-8))?
2
Let m be (-1 - (2 - 76))*(10 - 8). Let q = m - 34. List the prime factors of q.
2, 7
What are the prime factors of 3*(0 + 26415/27)?
5, 587
Let n = -1828 + 4414. List the prime factors of n.
2, 3, 431
List the prime factors of (-7 - 91/(-14))*-3204.
2, 3, 89
Suppose 50*z = 65*z - 43815. List the prime factors of z.
23, 127
Suppose -3 = -o - 5. List the prime factors of o/(-9) - (-2030)/18.
113
Let f = -105 + 180. Let k = f - -16. List the prime factors of k.
7, 13
Let z = 4090 - 2505. List the prime factors of z.
5, 317
What are the prime factors of (-5)/(165/(-9366)) + (-14)/(-77)?
2, 71
Let s = -3116 - -5136. What are the prime factors of s?
2, 5, 101
Suppose 5*q + 5*r = 145, 4*r - 8 - 6 = -q. Suppose 4*c - q = 10. What are the prime factors of c?
11
Let g be (108/(-198))/((-2)/22). Suppose b - 3*b = -5*d + 12, 0 = 2*d - 2*b - g. What are the prime factors of d?
2
Suppose 5 = -i, i = a - 245 + 30. List the prime factors of a.
2, 3, 5, 7
Let r(g) = -114*g**3 - g**2 - 3*g - 1. Suppose 4*j + h - 4*h = 2, 5 = -j - 2*h. List the prime factors of r(j).
5, 23
Let j be (-10)/3*6/(-5). Suppose -89 = -3*w + d, -4*w - w = -j*d - 160. List the prime factors of w.
2, 7
List the prime factors of 9/(36/5)*(-456)/(-3).
2, 5, 19
Suppose -b + 5*s = -205 - 88, -2*s + 622 = 2*b. What are the prime factors of b?
2, 7, 11
Let r = 821 - -1656. List the prime factors of r.
2477
Let q(r) be the first derivative of -r**4/4 + 11*r**3/3 + 8*r**2 - 12*r + 144. Let i(a) = a**2 - 2*a - 3. Let m be i(5). List the prime factors of q(m).
2, 3
Let a = -44 + 22. List the prime factors of (81/(-2))/(11/a).
3
Let d = 109 + 5132. List the prime factors of d.
3, 1747
Let u = 11 - 8. Let n(c) = -5*c + u*c + 0 + 6. List the prime factors of n(-7).
2, 5
List the prime factors of (23 - 762)/(-2 + 4 - 3).
739
Suppose -211 - 1184 = -15*t. What are the prime factors of t?
3, 31
Suppose -8*c - 255 = -15. What are the prime factors of (6 + 72/c)/((-6)/(-100))?
2, 3, 5
Suppose -4*f = 5*p + 5 + 10, -p = -3*f + 3. What are the prime factors of p/1 + (-435)/(-5)?
2, 3, 7
Let w = 43 + -39. Suppose 0 = 5*f - 2*l - 128 - 3, -w*l = -3*f + 87. List the prime factors of f.
5
Suppose 5*a + 4*m = 364, 5*a = 2*m - 4*m + 372. What are the prime factors of a?
2, 19
Let g = 1574 - -226. List the prime factors of g.
2, 3, 5
Let h(c) = -7*c + 9. Let k be h(3). Let f = k - 36. List the prime factors of (f/(-10))/(4/30).
2, 3
Let x(v) = -v**3 + 12*v**2 + 4*v - 17. Let f be x(12). Suppose 7 = 2*r - f. Suppose 2*o + c - 23 = 0, -6*c + 4*c - r = -o. What are the prime factors of o?
13
Let h(r) = -r**2 + 5*r + 8. Let q be h(6). What are the prime factors of -4 + (86 + -4)/q?
37
Let r = 127 - 3. Suppose -5*u = 4*x - 245, 2*x - 3*u - r = -7*u. List the prime factors of x.
2, 3, 5
Let l = 126 - 116. Let t(u) = u**2 - 10*u - 9. Let f be t(11). Suppose -f*y - 16 = -l*y. List the prime factors of y.
2
Let u(m) = 2*m**2 - 6*m - 5. Suppose -8 = -3*o + 5*o. List the prime factors of u(o).
3, 17
Suppose 14*d = 13*d + 4. Suppose -d*t - 4*b = b - 447, 0 = b + 5. List the prime factors of t.
2, 59
Suppose -3*x = 2*x - 3*r - 1, -2*x - 5*r = -19. Suppose -283 = -x*s + 71. List the prime factors of s.
3, 59
Let o(s) = 2*s**3 + 3*s**2 - 13. Let y be o(-6). Let h = y + 571. What are the prime factors of h?
2, 3, 13
Let z be 52*(-2 - 0 - -1). Suppose 143 = -9*s - 523. Let k = z - s. What are the prime factors of k?
2, 11
Suppose q + 5 = -2*i, -2*i + 2 = 3*q - 3. Let w be i/(-15)*(4 - 1). What are the prime factors of 3*(2 + -2 + w)?
3
Let a(c) = 7*c + 9. Let u be a(8). Suppose -z + u = 11. List the prime factors of z.
2, 3
Let d(u) = -14*u + 33. Let z be 1/((0 + 4)/(-28)). List the prime factors of d(z).
131
Suppose 3*j = 2*j + 20. Let d be ((-280)/(-5))/(-4)*2/(-4). Let u = j + d. What are the prime factors of u?
3
Suppose -103*m + 100*m + 1158 = 0. What are the prime factors of m?
2, 193
Let f(z) = -4*z - 23. Let v be f(-7). Let c(b) = 3*b**2 - b + 4. What are the prime factors of c(v)?
2, 37
Let l(b) = b**3 + 10*b**2 + 9*b + 11. Let u be l(-9). Let v = u + 43. List the prime factors of v.
2, 3
Suppose l - 1125 = w - 0*w, 4*l = 3*w + 4500. What are the prime factors of l?
3, 5
Let x = -9 + 13. Let r be ((-75)/(-10))/(3/x). List the prime factors of (-17)/85 + 402/r.
2, 5
Let u(l) = l**3 + 10*l**2 + 18*l + 18. Let k be u(-8). Let s = k + 324. List the prime factors of s.
2, 163
Suppose -5*z = f + 3*f + 237, z + 2*f = -45. Let o = 9 - z. What are the prime factors of o?
2, 29
Let n = 100 + -151. Let z = n - -91. What are the prime factors of z?
2, 5
Suppose 3*b - 6*b = 0. Suppose 2*s + 4*o - 60 = -b*o, 3*o = 2*s - 95. List the prime factors of s.
2, 5
Suppose -2*i = 4*w - 2266, -2624 - 1880 = -4*i - w. What are the prime factors of i?
3, 5
Let s(t) = -5 + 4 + 1 + 11*t**2. List the prime factors of s(-1).
11
Suppose -24*p - 5*x = -25*p + 535, 2*p + 4*x - 1084 = 0. What are the prime factors of p?
2, 3, 5
Let b be (-32)/(-12)*(7 + -1). Let q = b + -8. Let g(c) = c**2 - 5*c + 9. List the prime factors of g(q).
3, 11
Let d(m) = -9*m - 3. Let v be d(-2). What are the prime factors of (-241)/(-2) + v/30?
11
Let d(z) = z**2 + z - 5. Let c be d(0). Let b(o) = o - 1. Let y(f) = 11*f - 16. Let a(x) = c*b(x) + y(x). List the prime factors of a(5).
19
What are the prime factors of (-5)/3 + 23*(-296)/(-24)?
2, 3, 47
Suppose 0 = 5*h - 3*a + 657 - 104, 4*h + 468 = -4*a. Let r = h + 191. List the prime factors of r.
2, 3, 13
Let i(z) = 4*z**2 - 2*z - 60. What are the prime factors of i(-6)?
2, 3
Suppose -16 + 58 = 3*k. Let u(d) = 8*d**2 - 2*d + 3. Let p be u(-3). Let b = p - k. List the prime factors of b.
67
Suppose -4*j + y = -3*y + 596, -2*j + y = 299. Let t be (-4)/30 - 1070/j. Suppose -45 = -t*p + 4*p. What are the prime factors of p?
3, 5
Let i(b) = -b**3 + b**2 + 4*b. Let q be i(0). Suppose q = 169*t - 174*t + 590. List the prime factors of t.
2, 59
Let s be -4 + 126 - (2 + 0). Suppose -56 = -f - 5*q - 12, 0 = 2*f + 2*q - s. What are 